- 4. Give y(-5).
2
Let j(n) = 2*n - 2. Suppose 5*i - 10 = -3*l - 1, 0 = -2*i - 5*l + 15. Give j(i).
-2
Let h be 2 - -1 - 2 - (-2 - -1). Let a be ((-6)/18)/(h/24). Let w(s) = 2*s + 6. What is w(a)?
-2
Let f(q) = -38*q**3 - 6*q**2 + 57*q + 22. Let j(d) = -7*d**3 - d**2 + 11*d + 4. Let y(o) = 2*f(o) - 11*j(o). What is y(3)?
-3
Let g = 71 - 43. Suppose 2*u = 4*n - 39 - 7, 3*u - 2*n + 89 = 0. Let d = g + u. Let s(o) = o**2 + 4*o - 5. Give s(d).
0
Let j(q) = -18*q - 1484. Let h be j(-82). Let f(x) be the third derivative of x**6/120 + 7*x**5/60 - 7*x**4/24 - 4*x**3/3 + x**2. What is f(h)?
-16
Let b(u) = -u**2 + 14*u + 5. Let c(f) = 2*f**2 - 29*f - 9. Let g(y) = -13*b(y) - 6*c(y). Let v(q) be the first derivative of g(q). Give v(6).
4
Suppose -v + 9 = 3*g, -g = -2*v - 2*v - 29. Let l(t) = t + 3. Let r be l(v). Let h(k) = 3*k + 2. Give h(r).
-7
Let i(h) = 7*h - 2. Let j be (2 - 4)*(9 - (-76)/(-8)). Give i(j).
5
Let b(q) = -q**2 - 3*q - 2. Suppose 0 = -6*x + 2*x + 12. Let s(y) = -y**3 + 3*y**2 - y + 1. Let o be s(2). Suppose -o = 2*n + x. What is b(n)?
-2
Let m(s) = -s**2 - s + 11. Let w = -9 - -9. Let o(i) = i**2 - 3*i. Let n be o(4). Suppose n*k - 5*k = w. Give m(k).
11
Let k(n) = -4*n + 35. Let p be k(8). Let l be ((32/(-36))/4)/(p/(-27)). Let f(s) be the third derivative of s**4/12 - s**3/2 - s**2. Give f(l).
1
Let m(d) be the first derivative of d**3/3 + 3*d**2 + 4*d - 723. Let r(v) = -v**3 - 6*v**2 - 3*v + 5. Let k be r(-5). Give m(k).
-1
Let c = -2518 + 2519. Let u(m) = 8*m**2 - 3*m + 1. What is u(c)?
6
Let r(p) be the second derivative of -6*p + 0*p**3 - 1/4*p**4 + 0*p**2 + 1/15*p**5 + 1/360*p**6 + 0. Let s(t) be the third derivative of r(t). Give s(-6).
-4
Suppose -2*j - 3*j + 14 = -w, -3*j + w = -10. Suppose 0 = -0*x - 2*x + 6. Let d(k) = -2*k + 7*k - x + 3*k - 2*k. Determine d(j).
9
Let n = -7 + 1. Let k(j) be the second derivative of -j**3/6 - j**2 - 11*j. What is k(n)?
4
Let h(u) = -u**2 - 17*u + 10. Suppose 4*a - 3*w = -65, -2*w + 3*w = -3*a - 52. Give h(a).
10
Let d(b) = 2 - 6 + 0 + 2*b. Let k be d(3). Let l(w) be the second derivative of w**4/6 + w**3/6 - w**2/2 - 1427*w. Determine l(k).
9
Let m be (-2)/(((-3)/30)/(21/(-84))). Let r(x) = -x**2 - 7*x - 3. What is r(m)?
7
Let j(d) = 5*d - 3. Suppose -2*u - 4*o + 0*o - 6 = 0, -4*u = 2*o - 12. Suppose 4*t + 7 + u = 0. Give j(t).
-18
Let f(b) = b**2 + 6*b + 4. Let m(t) = -8*t - 11. Let r be m(-1). Calculate f(r).
-5
Let j(s) = -3*s**2 + 10*s + 9. Let f(i) = 17*i**2 - 49*i - 45. Let q(t) = -2*f(t) - 11*j(t). Give q(-8).
23
Let b = 251 + -127. Let i(c) = -c**2 - b*c + c**3 + 0*c**3 + 126*c - 2*c**2 - 2. Let z = 6 - 3. Give i(z).
4
Let h(t) = -7*t - 5 + 3 - 7 + 0*t**2 + 5*t**2 + t**3. Let g be h(-6). Let a(z) = -z**3 - 4*z**2 - 2*z - 1. Give a(g).
-4
Let f(c) = -c**3 + c**2 + 3*c - 3. Let k = -10 - -12. Calculate f(k).
-1
Let r(s) be the second derivative of s**3/6 + 9*s**2 - 28*s + 10. Give r(-8).
10
Let a = 20 - -10. Let h = a - 35. Let s(d) be the first derivative of d**4/4 + 2*d**3 + 5*d**2/2 + 5*d + 2. Determine s(h).
5
Let y(n) be the first derivative of n**4/4 - 2*n**3 - 9*n**2/2 - n + 103. Calculate y(7).
-15
Let k(w) = -4*w**2 + w**3 + 1254 - 1257 + 0*w**2 - w**2 - w. Determine k(4).
-23
Let x(h) = -5*h**2 - 7*h - 2. Suppose 11 + 1 = 5*q - 4*f, 4*f - 16 = -2*q. Let c(g) = 4*g**2 + 6*g + 2. Let n(a) = q*c(a) + 3*x(a). Give n(-3).
2
Suppose -3*m = -9, -4*y + y + 3 = m. Let l(r) = -r. Let p be l(y). Suppose -o + p*o = 0. Let a(v) = -v**3 - v - 5. What is a(o)?
-5
Let g(o) = 4*o**2 + 5*o**2 - 13*o**2 + 4 + 3*o**2. What is g(-6)?
-32
Let l = 10 - 14. Let r be ((-12)/(-18))/(4/18). Let m(g) = 4 - 2*g + 7*g**2 + g**r + 9*g - g**2. What is m(l)?
8
Let g(l) = l**3 - l**2 - 3*l + 3. Let m(h) = 3*h - 28. Suppose u + 5 = -5*k, -4*k = 16 - 4. Let t be m(u). What is g(t)?
1
Suppose 20*h = 16*h - 20. Let j(i) = -i**3 + 3*i**2 - i - 5. Let g(f) = 6*f**3 - 14*f**2 + 6*f + 26. Let w(a) = 2*g(a) + 11*j(a). Calculate w(h).
-8
Suppose -4*i = -c + 12, -2*i = -c + 2*c. Let a(d) = -3*d + 4*d - 4 - 2*d. Determine a(i).
-2
Let m(y) = y**2 + 6*y - 3. Suppose -3*v + 1 = -5, -a = 3*v - 10. Let x be ((-18)/a - 0) + (-1)/2. Determine m(x).
-8
Let b(m) = -m**2 - 5*m. Let o be b(-5). Suppose o = -h - 1 + 8. Let k(v) = -v**3 + 8*v**2 - 9*v - 9. Calculate k(h).
-23
Let m = -3 - -8. Suppose -m*n + 12 = -7*n. Let g(i) = -i**3 - 5*i**2 + 6*i - 2. Determine g(n).
-2
Let d(m) = 19*m - 13. Let r(c) = -12*c + 8. Let j(f) = -5*d(f) - 8*r(f). Determine j(-7).
-6
Let z(l) be the third derivative of -17*l**4/24 + 2*l**3/3 + 63*l**2 - 3*l. Give z(1).
-13
Let f(l) = -38*l - 28*l - 46*l + 95*l + l**3 - 16*l**2. What is f(17)?
0
Suppose -14 = 4*v - v - q, 0 = -v + 3*q + 6. Let r(o) = -5*o**3 - 5*o**2 + o + 3. Let l(t) = 4*t**3 + 5*t**2 - t - 2. Let x(d) = v*l(d) - 5*r(d). What is x(3)?
-18
Let a(g) = 3 + 74*g + g**2 + 7 - 76*g - 3 + 0*g**2. Determine a(3).
10
Let w(k) = k**3 + 9*k**2 - 21*k + 14. Suppose 9 = -g - 2*h + 2, g + 15 = 2*h. What is w(g)?
3
Let p(v) = 12 + 5*v - 9*v + 6*v. Let q be p(-10). Let i = -10 - q. Let b(o) = 3*o + 2. What is b(i)?
-4
Suppose -2*y = 12 + 36. Suppose 3*u - 4*b = 76, b + 118 = 4*u - b. Let w be 4/u - 21/y. Let o(m) = 12*m**3 + 2*m - 1. What is o(w)?
13
Suppose -167*j - 516 = -16*j + 239. Let u(p) = -5*p - p**2 + 0*p**2 - 3 + 5. Determine u(j).
2
Let k = -1 - 8. Let i = 19 + k. Let a(h) = 4 + i - 5 + h - 2. Give a(-4).
3
Let l(d) = d**2. Let x = -5 - -11. Suppose 0 = x*u + 144 - 30. Let i = u + 18. Determine l(i).
1
Suppose -u = -2, -3*u + u = -2*f - 14. Let d(m) = 4*m**2 + 3*m - 5. Let j(o) = -5*o**2 - 2*o + 6. Let a(y) = 4*d(y) + 3*j(y). Give a(f).
-7
Let n(o) = o**2 - o - 4. Suppose -4*f + 5*t = -50, 0 = -2*f - 2*f + 4*t + 52. Suppose 5*x + 15 = 3*c, -2*x + 5*c - f = 3*x. What is n(x)?
8
Let g(l) = 0*l - 1 + 3*l + l - 2*l**2. Suppose -135 + 78 = -19*w. Determine g(w).
-7
Let j(p) = p**3 - 6*p**2 - 6*p - 10. Let g be -21*(-6)/(-4)*26/(-117). What is j(g)?
-3
Let f(t) = -t**3 - 4*t**2 - 2*t + 1. Let b be (-4 - (1 + -1))/(51/(-153)). Suppose 4*v - v + b = 0. Determine f(v).
9
Let p be -2 + 17 + 1 + -1. Suppose -f - 2*f + p = -r, -r = -3. Let s(d) = -d**3 + 5*d**2 + 5*d. Give s(f).
-6
Let q(u) = -u**3 + 9*u**2 - 7*u - 2. Suppose 2*r - p + 159 = 0, 7*r + 228 = 4*r - 2*p. Let i = r - -86. Calculate q(i).
6
Let v(h) = -374*h**2 + 4*h - 2*h + 375*h**2. Determine v(2).
8
Let b = -17 - -13. Let h(q) be the third derivative of q**4/24 - 2*q**3/3 - 8*q**2. Let n(y) = 5*y - 20. Let d(r) = 11*h(r) - 2*n(r). Give d(b).
-8
Let v(i) = -2*i**3 - i - 1. Let d(h) = 5*h**3 - 9*h**2 + 26*h + 19. Let n(w) = d(w) + 3*v(w). Calculate n(-11).
5
Let c(a) = a**3 + 8*a**2 - 10*a - 5. Let p be c(-9). Let l(u) = 0 - 1 + p*u - u - u. Suppose 26 = 4*v + 2. Give l(v).
11
Let f(q) be the second derivative of q**4/3 + q**3/2 + 38*q - 2. Determine f(3).
45
Let p(w) = -124*w**3 + 32*w - 32. Let l(i) = -19*i**3 + 5*i - 5. Let f(m) = 32*l(m) - 5*p(m). Suppose 0 = -5*y - 3*h + 8*h, -3 = -5*y + 2*h. Give f(y).
12
Let n(h) = -44*h**2 + 2*h - 4 + 0*h**3 + 50*h**2 + h**3. Let y = -1 - 5. What is n(y)?
-16
Suppose 3*a + 2*f + 3*f + 14 = 0, 2*a = -f. Suppose -a*s + 1 = -3. Let w(y) = y + 3 - y - 1 - y**3 + 3*y**2. Give w(s).
6
Let l(k) = k**2 - k - 7. Let u(s) = -8*s**2 + 8*s + 10. Let g be u(-1). Give l(g).
35
Let w(d) = d**2 + 4*d - 7. Let q = -88 + 120. Suppose 5*a + q = 7. Calculate w(a).
-2
Let t(v) be the third derivative of 19*v**5/60 - v**4/12 - v**3/3 - 635*v**2. Calculate t(-1).
19
Let z(f) = -4*f**2 + f + 1. Let o be 5/(-2) - (-2 + 3/6). Determine z(o).
-4
Let u(i) = 3 - 2 + 3*i + 0 - 9*i**2 - 2*i. Suppose 3*r - 2 - 9 = -4*q, q + 16 = 3*r. Calculate u(q).
-9
Let d = -12917 + 12909. Let m(r) = -6*r - 4. Let f(o) be the second derivative of -2*o**3/3 - 3*o**2/2 - o. Let t(b) = -8*f(b) + 5*m(b). Determine t(d).
-12
Let r(b) be the third derivative of 0*b**4 + 0*b + 0 + 0*b**3 - 26*b**2 - 1/10*b**5. Give r(-1).
-6
Let a(v) be the second derivative of v**4/3 + 2*v**3/3 - 3*v**2/2 - 2*v + 17. What is a(2)?
21
Let i(j) = -7*j + 7*j + j**3 + 2 - j + 5*j + 4*j**2. Let n be i(-2). Suppose 0 = -n*y + 5*y + 18. Let s(l) = l + 2. What is s(y)?
-4
Suppose 12 = -2*k + 2, -5*k + 295 = -4*l. Let z = -78 - l. Let w(x) = 3*x + 2. Determine w(z).
8
